{"id":157,"date":"2026-02-22T12:26:27","date_gmt":"2026-02-22T11:26:27","guid":{"rendered":"http:\/\/xn--tsv-negernbtel-5pb.de\/?page_id=157"},"modified":"2026-02-22T12:29:47","modified_gmt":"2026-02-22T11:29:47","slug":"passives-mitglied","status":"publish","type":"page","link":"http:\/\/xn--tsv-negernbtel-5pb.de\/?page_id=157","title":{"rendered":"passives Mitglied"},"content":{"rendered":"\n<p style=\"font-size:15px\"><strong>TSV Negernb\u00f6tel<\/strong><\/p>\n\n\n\n<p style=\"font-size:15px\">\u2013 Der Vorstand \u2013<\/p>\n\n\n\n<p style=\"font-size:15px\">Unterst\u00fctzen Sie den TSV und werden Sie<\/p>\n\n\n\n<p style=\"font-size:15px\">F\u00f6rderndes (Passives) Mitglied<\/p>\n\n\n\n<p style=\"font-size:15px\">Der TSV Negernb\u00f6tel ist ein gemeinn\u00fctziger Verein und leistet vielf\u00e4ltige gesellschaftliche, sportliche und kulturell wertvolle Arbeit.<\/p>\n\n\n\n<p style=\"font-size:15px\">Steigende Kosten belasten den Verein. Wir sind deshalb bem\u00fcht, Unterst\u00fctzung bei der Bev\u00f6lkerung zu finden um unseren Mitgliederstamm laufend zu erweitern.<\/p>\n\n\n\n<p style=\"font-size:15px\">Der Monatsbeitrag von z.Zt. 5,50 \u20ac ist f\u00fcr den einzelnen sicherlich keine allzu gro\u00dfe Belastung. F\u00fcr unseren Verein jedoch eine wertvolle finanzielle Hilfe.<\/p>\n\n\n\n<p style=\"font-size:15px\">Ohne f\u00f6rdernde Mitglieder, Freunde und G\u00f6nner k\u00f6nnten wir diese Arbeit nicht durchf\u00fchren.<\/p>\n\n\n\n<p style=\"font-size:15px\">Unterst\u00fctzen Sie uns und werden Sie f\u00f6rderndes Mitglied im TSV !!<\/p>\n\n\n\n<p style=\"font-size:15px\">Im voraus schon ein herzliches Dankesch\u00f6n.<\/p>\n\n\n\n<p style=\"font-size:15px\">Wenn Sie den Verein unterst\u00fctzen wollen, dann melden Sie sich einfach per Mail oder Telefonisch bei unseren Vorsitzenden, oder laden Sie sich das vorgefertigte Formular herunter unter \u201etsv-negernb\u00f6tel.de\u201c f\u00fcllen es aus und geben es beim Vorstand ab.<\/p>\n\n\n\n<p style=\"font-size:15px\">Jan Christian Kaste<\/p>\n\n\n\n<p style=\"font-size:15px\">Stefan Jusko Tel: 92516<\/p>\n\n\n\n<p style=\"font-size:15px\">Werner Engelmann Tel: 4458<\/p>\n\n\n\n<p style=\"font-size:15px\">Jens-Uwe Petersen- Wendt Tel: 896683<\/p>\n\n\n\n<p style=\"font-size:15px\"><strong>Mit sportlichen Gr\u00fc\u00dfen<\/strong><br><strong>F\u00fcr den Vorstand<\/strong><br><strong>Jan Christian Kaste<\/strong><\/p>\n\n\n\n<p style=\"font-size:15px\"><\/p>\n","protected":false},"excerpt":{"rendered":"<p>TSV Negernb\u00f6tel \u2013 Der Vorstand \u2013 Unterst\u00fctzen Sie den TSV und werden Sie F\u00f6rderndes (Passives) Mitglied Der TSV<\/p>\n","protected":false},"author":1,"featured_media":0,"parent":0,"menu_order":0,"comment_status":"closed","ping_status":"closed","template":"","meta":{"footnotes":""},"class_list":["post-157","page","type-page","status-publish","hentry"],"_links":{"self":[{"href":"http:\/\/xn--tsv-negernbtel-5pb.de\/index.php?rest_route=\/wp\/v2\/pages\/157","targetHints":{"allow":["GET"]}}],"collection":[{"href":"http:\/\/xn--tsv-negernbtel-5pb.de\/index.php?rest_route=\/wp\/v2\/pages"}],"about":[{"href":"http:\/\/xn--tsv-negernbtel-5pb.de\/index.php?rest_route=\/wp\/v2\/types\/page"}],"author":[{"embeddable":true,"href":"http:\/\/xn--tsv-negernbtel-5pb.de\/index.php?rest_route=\/wp\/v2\/users\/1"}],"replies":[{"embeddable":true,"href":"http:\/\/xn--tsv-negernbtel-5pb.de\/index.php?rest_route=%2Fwp%2Fv2%2Fcomments&post=157"}],"version-history":[{"count":3,"href":"http:\/\/xn--tsv-negernbtel-5pb.de\/index.php?rest_route=\/wp\/v2\/pages\/157\/revisions"}],"predecessor-version":[{"id":162,"href":"http:\/\/xn--tsv-negernbtel-5pb.de\/index.php?rest_route=\/wp\/v2\/pages\/157\/revisions\/162"}],"wp:attachment":[{"href":"http:\/\/xn--tsv-negernbtel-5pb.de\/index.php?rest_route=%2Fwp%2Fv2%2Fmedia&parent=157"}],"curies":[{"name":"wp","href":"https:\/\/api.w.org\/{rel}","templated":true}]}}